{"id":156,"date":"2021-11-05T12:14:58","date_gmt":"2021-11-05T11:14:58","guid":{"rendered":"https:\/\/www.feuerwehr-sievershausen.de\/?page_id=156"},"modified":"2025-03-14T16:51:39","modified_gmt":"2025-03-14T15:51:39","slug":"aktive-feuerwehr","status":"publish","type":"page","link":"https:\/\/www.feuerwehr-sievershausen.de\/?page_id=156","title":{"rendered":"Aktive Feuerwehr"},"content":{"rendered":"<div id='fullscreen_slider_1'  class='avia-fullscreen-slider main_color   avia-builder-el-0  el_before_av_textblock  avia-builder-el-first   container_wrap fullsize'  ><div   data-size='no scaling'  data-lightbox_size='large'  data-animation='slide'  data-conditional_play=''  data-ids='286'  data-video_counter='0'  data-autoplay='false'  data-bg_slider='true'  data-slide_height='100'  data-handle='av_fullscreen'  data-interval='5'  data-class=' '  data-el_id=''  data-css_id='fullscreen_slider_1'  data-scroll_down=''  data-control_layout='av-control-hidden'  data-custom_markup=''  data-perma_caption=''  data-autoplay_stopper=''  data-image_attachment=''  data-min_height='0px'  data-lazy_loading='disabled'  data-stretch=''  data-img_scrset=''  class='avia-slideshow avia-slideshow-1  av-control-hidden av-default-height-applied avia-slideshow-no scaling av_fullscreen   avia-slide-slider '  itemprop=\"image\" itemscope=\"itemscope\" itemtype=\"https:\/\/schema.org\/ImageObject\" ><ul class='avia-slideshow-inner ' style='padding-bottom: 28.645833333333%;' ><li style='background-position:center center;' data-img-url='https:\/\/www.feuerwehr-sievershausen.de\/wp-content\/uploads\/2021\/11\/Header-FW-2.jpg' class=' av-single-slide slide-1 ' ><div data-rel='slideshow-1' class='avia-slide-wrap '   ><\/div><\/li><\/ul><\/div><\/div><div id='after_full_slider_1'  class='main_color av_default_container_wrap container_wrap fullsize'  ><div class='container av-section-cont-open' ><div class='template-page content  av-content-full alpha units'><div class='post-entry post-entry-type-page post-entry-156'><div class='entry-content-wrapper clearfix'>\n<section class=\"av_textblock_section \"  itemscope=\"itemscope\" itemtype=\"https:\/\/schema.org\/CreativeWork\" ><div class='avia_textblock  '   itemprop=\"text\" ><h3>Willkommen auf der Homepage der Ortsfeuerwehr Sievershausen<\/h3>\n<p>Wir bestehen aus der Einsatzabteilung, der Jugend- und Kinderfeuerwehr und der Ehren- und Altersabteilung.<\/p>\n<p>Die Hauptaufgaben unserer ehrenamtlichen Feuerwehrleute, besteht in der Brandbek\u00e4mpfung und der technischen Hilfeleistung.<\/p>\n<p>Bei unseren Aufgaben werden wir durch den F\u00f6rderverein der Feuerwehr Sievershausen e.V. unterst\u00fctzt.<\/p>\n<p>Seid M\u00e4rz 2021 sind wir eine St\u00fctzpunktfeuerwehr, die f\u00fcr ca. 2.500 Sieversh\u00e4user B\u00fcrgerinnen und B\u00fcrger und einer gro\u00dfen Anzahl von Gewerbebetrieben zust\u00e4ndig ist.<\/p>\n<\/div><\/section>\n<div class='flex_column av-2ijl9-4bba971c246a4ddb79b12e05a38c8a83 av_one_half  avia-builder-el-2  el_after_av_textblock  el_before_av_one_half  first flex_column_div column-top-margin'   ><p>\n<style type=\"text\/css\" data-created_by=\"avia_inline_auto\" id=\"style-css-av-ku6t6wot-2d14d0077eb6d61e25721461f8250082\">\n.avia-image-container.av-ku6t6wot-2d14d0077eb6d61e25721461f8250082 .av-image-caption-overlay-center{\ncolor:#ffffff;\n}\n<\/style>\n<div  class='avia-image-container av-ku6t6wot-2d14d0077eb6d61e25721461f8250082 av-styling-no-styling av-hover-grow av-hide-overflow avia-align-center  avia-builder-el-3  el_before_av_textblock  avia-builder-el-first  '  itemprop=\"image\" itemscope=\"itemscope\" itemtype=\"https:\/\/schema.org\/ImageObject\" ><div class=\"avia-image-container-inner\"><div class=\"avia-image-overlay-wrap\"><a href=\"https:\/\/www.feuerwehr-sievershausen.de\/?page_id=163\" class='avia_image' ><img width=\"740\" height=\"350\" class='wp-image-283 avia-img-lazy-loading-not-283 avia_image' src=\"https:\/\/www.feuerwehr-sievershausen.de\/wp-content\/uploads\/2021\/11\/Button-Geschichte.jpg\" alt='' title='Button Geschichte'  itemprop=\"thumbnailUrl\" srcset=\"https:\/\/www.feuerwehr-sievershausen.de\/wp-content\/uploads\/2021\/11\/Button-Geschichte.jpg 740w, https:\/\/www.feuerwehr-sievershausen.de\/wp-content\/uploads\/2021\/11\/Button-Geschichte-300x142.jpg 300w, https:\/\/www.feuerwehr-sievershausen.de\/wp-content\/uploads\/2021\/11\/Button-Geschichte-705x333.jpg 705w\" sizes=\"(max-width: 740px) 100vw, 740px\" \/><\/a><\/div><\/div><\/div><br \/>\n<section class=\"av_textblock_section \"  itemscope=\"itemscope\" itemtype=\"https:\/\/schema.org\/CreativeWork\" ><div class='avia_textblock  av_inherit_color '  style='color:#ffffff; '  itemprop=\"text\" ><div class=\"teaser-textbox\" style=\"background-color: #313232;\">\n<h4 style=\"text-align: center;\"><a href=\"https:\/\/www.feuerwehr-sievershausen.de\/?page_id=163\">Vorstellung\/Geschichte<\/a><\/h4>\n<\/div>\n<\/div><\/section><\/p><\/div>\n<div class='flex_column av-28sid-bb1d4cb7c28dbecc20b115e5eb349195 av_one_half  avia-builder-el-5  el_after_av_one_half  el_before_av_one_half  flex_column_div column-top-margin'   ><p>\n<style type=\"text\/css\" data-created_by=\"avia_inline_auto\" id=\"style-css-av-ku6u5vib-caff6fa1b7cd7408290e5ee448eeb7b0\">\n.avia-image-container.av-ku6u5vib-caff6fa1b7cd7408290e5ee448eeb7b0 .av-image-caption-overlay-center{\ncolor:#ffffff;\n}\n<\/style>\n<div  class='avia-image-container av-ku6u5vib-caff6fa1b7cd7408290e5ee448eeb7b0 av-styling-no-styling av-hover-grow av-hide-overflow avia-align-center  avia-builder-el-6  el_before_av_textblock  avia-builder-el-first  '  itemprop=\"image\" itemscope=\"itemscope\" itemtype=\"https:\/\/schema.org\/ImageObject\" ><div class=\"avia-image-container-inner\"><div class=\"avia-image-overlay-wrap\"><a href=\"https:\/\/www.feuerwehr-sievershausen.de\/?page_id=185\" class='avia_image' ><img width=\"740\" height=\"350\" class='wp-image-282 avia-img-lazy-loading-not-282 avia_image' src=\"https:\/\/www.feuerwehr-sievershausen.de\/wp-content\/uploads\/2021\/11\/Button-Komando.jpg\" alt='' title='Button Komando'  itemprop=\"thumbnailUrl\" srcset=\"https:\/\/www.feuerwehr-sievershausen.de\/wp-content\/uploads\/2021\/11\/Button-Komando.jpg 740w, https:\/\/www.feuerwehr-sievershausen.de\/wp-content\/uploads\/2021\/11\/Button-Komando-300x142.jpg 300w, https:\/\/www.feuerwehr-sievershausen.de\/wp-content\/uploads\/2021\/11\/Button-Komando-705x333.jpg 705w\" sizes=\"(max-width: 740px) 100vw, 740px\" \/><\/a><\/div><\/div><\/div><br \/>\n<section class=\"av_textblock_section \"  itemscope=\"itemscope\" itemtype=\"https:\/\/schema.org\/CreativeWork\" ><div class='avia_textblock  av_inherit_color '  style='color:#ffffff; '  itemprop=\"text\" ><div class=\"teaser-textbox\" style=\"background-color: #313232;\">\n<h4 style=\"text-align: center;\"><a href=\"https:\/\/www.feuerwehr-sievershausen.de\/?page_id=185\">Kommando<\/a><\/h4>\n<\/div>\n<\/div><\/section><\/p><\/div>\n<div class='flex_column av-1nov5-364557fe1053593f8425fb424fe3d35a av_one_half  avia-builder-el-8  el_after_av_one_half  el_before_av_one_half  first flex_column_div column-top-margin'   ><p>\n<style type=\"text\/css\" data-created_by=\"avia_inline_auto\" id=\"style-css-av-ku6u63q6-74793429b5ca1b742a06a572054f8c1a\">\n.avia-image-container.av-ku6u63q6-74793429b5ca1b742a06a572054f8c1a .av-image-caption-overlay-center{\ncolor:#ffffff;\n}\n<\/style>\n<div  class='avia-image-container av-ku6u63q6-74793429b5ca1b742a06a572054f8c1a av-styling-no-styling av-hover-grow av-hide-overflow avia-align-center  avia-builder-el-9  el_before_av_textblock  avia-builder-el-first  '  itemprop=\"image\" itemscope=\"itemscope\" itemtype=\"https:\/\/schema.org\/ImageObject\" ><div class=\"avia-image-container-inner\"><div class=\"avia-image-overlay-wrap\"><a href=\"https:\/\/www.feuerwehr-sievershausen.de\/?page_id=208\" class='avia_image' ><img width=\"740\" height=\"350\" class='wp-image-266 avia-img-lazy-loading-not-266 avia_image' src=\"https:\/\/www.feuerwehr-sievershausen.de\/wp-content\/uploads\/2021\/11\/Button-Einsa\u0308tze-1.jpg\" alt='' title='Button Einsa\u0308tze'  itemprop=\"thumbnailUrl\" srcset=\"https:\/\/www.feuerwehr-sievershausen.de\/wp-content\/uploads\/2021\/11\/Button-Einsa\u0308tze-1.jpg 740w, https:\/\/www.feuerwehr-sievershausen.de\/wp-content\/uploads\/2021\/11\/Button-Einsa\u0308tze-1-300x142.jpg 300w, https:\/\/www.feuerwehr-sievershausen.de\/wp-content\/uploads\/2021\/11\/Button-Einsa\u0308tze-1-705x333.jpg 705w\" sizes=\"(max-width: 740px) 100vw, 740px\" \/><\/a><\/div><\/div><\/div><br \/>\n<section class=\"av_textblock_section \"  itemscope=\"itemscope\" itemtype=\"https:\/\/schema.org\/CreativeWork\" ><div class='avia_textblock  av_inherit_color '  style='color:#ffffff; '  itemprop=\"text\" ><div class=\"teaser-textbox\" style=\"background-color: #313232;\">\n<h4 style=\"text-align: center;\"><a href=\"https:\/\/www.feuerwehr-sievershausen.de\/?page_id=208\">Eins\u00e4tze<\/a><\/h4>\n<\/div>\n<\/div><\/section><\/p><\/div>\n<div class='flex_column av-xyed-1992f9c82984da2df8bdac95351d2a0f av_one_half  avia-builder-el-11  el_after_av_one_half  el_before_av_one_half  flex_column_div column-top-margin'   ><p>\n<style type=\"text\/css\" data-created_by=\"avia_inline_auto\" id=\"style-css-av-ku6u6a8t-f8d8964936f4d84047be0e121103a4d9\">\n.avia-image-container.av-ku6u6a8t-f8d8964936f4d84047be0e121103a4d9 .av-image-caption-overlay-center{\ncolor:#ffffff;\n}\n<\/style>\n<div  class='avia-image-container av-ku6u6a8t-f8d8964936f4d84047be0e121103a4d9 av-styling-no-styling av-hover-grow av-hide-overflow avia-align-center  avia-builder-el-12  el_before_av_textblock  avia-builder-el-first  '  itemprop=\"image\" itemscope=\"itemscope\" itemtype=\"https:\/\/schema.org\/ImageObject\" ><div class=\"avia-image-container-inner\"><div class=\"avia-image-overlay-wrap\"><a href=\"https:\/\/www.feuerwehr-sievershausen.de\/?page_id=168\" class='avia_image' ><img width=\"740\" height=\"350\" class='wp-image-253 avia-img-lazy-loading-not-253 avia_image' src=\"https:\/\/www.feuerwehr-sievershausen.de\/wp-content\/uploads\/2021\/11\/Button-Gera\u0308te.jpg\" alt='' title='Button Gera\u0308te'  itemprop=\"thumbnailUrl\" srcset=\"https:\/\/www.feuerwehr-sievershausen.de\/wp-content\/uploads\/2021\/11\/Button-Gera\u0308te.jpg 740w, https:\/\/www.feuerwehr-sievershausen.de\/wp-content\/uploads\/2021\/11\/Button-Gera\u0308te-300x142.jpg 300w, https:\/\/www.feuerwehr-sievershausen.de\/wp-content\/uploads\/2021\/11\/Button-Gera\u0308te-705x333.jpg 705w\" sizes=\"(max-width: 740px) 100vw, 740px\" \/><\/a><\/div><\/div><\/div><br \/>\n<section class=\"av_textblock_section \"  itemscope=\"itemscope\" itemtype=\"https:\/\/schema.org\/CreativeWork\" ><div class='avia_textblock  av_inherit_color '  style='color:#ffffff; '  itemprop=\"text\" ><div class=\"teaser-textbox\" style=\"background-color: #313232;\">\n<h4 style=\"text-align: center;\"><a href=\"https:\/\/www.feuerwehr-sievershausen.de\/?page_id=168\" target=\"_blank\" rel=\"noopener\">Unser Fuhrpark<\/h4>\n<\/div>\n<\/div><\/section><\/p><\/div><div class='flex_column av-21ri1-e47f5c413998038a0757c893b6985326 av_one_half  avia-builder-el-14  el_after_av_one_half  el_before_av_one_half  first flex_column_div column-top-margin'   ><p>\n<style type=\"text\/css\" data-created_by=\"avia_inline_auto\" id=\"style-css-av-19yvt-b8f3aed1801ad8db90615fb1eb978581\">\n.avia-image-container.av-19yvt-b8f3aed1801ad8db90615fb1eb978581 .av-image-caption-overlay-center{\ncolor:#ffffff;\n}\n<\/style>\n<div  class='avia-image-container av-19yvt-b8f3aed1801ad8db90615fb1eb978581 av-styling-no-styling av-hover-grow av-hide-overflow avia-align-center  avia-builder-el-15  el_before_av_textblock  avia-builder-el-first  '  itemprop=\"image\" itemscope=\"itemscope\" itemtype=\"https:\/\/schema.org\/ImageObject\" ><div class=\"avia-image-container-inner\"><div class=\"avia-image-overlay-wrap\"><a href=\"https:\/\/www.feuerwehr-sievershausen.de\/?page_id=166\" class='avia_image' ><img width=\"740\" height=\"350\" class='wp-image-270 avia-img-lazy-loading-not-270 avia_image' src=\"https:\/\/www.feuerwehr-sievershausen.de\/wp-content\/uploads\/2021\/11\/Button-Taucher-2.jpg\" alt='' title='Button Taucher 2'  itemprop=\"thumbnailUrl\" srcset=\"https:\/\/www.feuerwehr-sievershausen.de\/wp-content\/uploads\/2021\/11\/Button-Taucher-2.jpg 740w, https:\/\/www.feuerwehr-sievershausen.de\/wp-content\/uploads\/2021\/11\/Button-Taucher-2-300x142.jpg 300w, https:\/\/www.feuerwehr-sievershausen.de\/wp-content\/uploads\/2021\/11\/Button-Taucher-2-705x333.jpg 705w\" sizes=\"(max-width: 740px) 100vw, 740px\" \/><\/a><\/div><\/div><\/div><br \/>\n<section class=\"av_textblock_section \"  itemscope=\"itemscope\" itemtype=\"https:\/\/schema.org\/CreativeWork\" ><div class='avia_textblock  av_inherit_color '  style='color:#ffffff; '  itemprop=\"text\" ><div class=\"teaser-textbox\" style=\"background-color: #313232;\">\n<h4 style=\"text-align: center;\"><a href=\"https:\/\/www.feuerwehr-sievershausen.de\/?page_id=166\" target=\"_blank\" rel=\"noopener\">Tauchergruppe<\/a><\/h4>\n<\/div>\n<\/div><\/section><\/p><\/div><\/p>\n<div class='flex_column av-abams-03c90590f795bc1c7b525f8393bb14be av_one_half  avia-builder-el-17  el_after_av_one_half  el_before_av_one_half  flex_column_div column-top-margin'   ><p>\n<style type=\"text\/css\" data-created_by=\"avia_inline_auto\" id=\"style-css-av-kvmbxngg-a4fe29b8f0dac32f061a810c2bc25cc0\">\n.avia-image-container.av-kvmbxngg-a4fe29b8f0dac32f061a810c2bc25cc0 .av-image-caption-overlay-center{\ncolor:#ffffff;\n}\n<\/style>\n<div  class='avia-image-container av-kvmbxngg-a4fe29b8f0dac32f061a810c2bc25cc0 av-styling-no-styling av-hover-grow av-hide-overflow avia-align-center  avia-builder-el-18  el_before_av_textblock  avia-builder-el-first  '  itemprop=\"image\" itemscope=\"itemscope\" itemtype=\"https:\/\/schema.org\/ImageObject\" ><div class=\"avia-image-container-inner\"><div class=\"avia-image-overlay-wrap\"><a href=\"https:\/\/www.feuerwehr-sievershausen.de\/?page_id=172\" class='avia_image' ><img width=\"740\" height=\"350\" class='wp-image-268 avia-img-lazy-loading-not-268 avia_image' src=\"https:\/\/www.feuerwehr-sievershausen.de\/wp-content\/uploads\/2021\/11\/Button-ABC.jpg\" alt='' title='Button ABC'  itemprop=\"thumbnailUrl\" srcset=\"https:\/\/www.feuerwehr-sievershausen.de\/wp-content\/uploads\/2021\/11\/Button-ABC.jpg 740w, https:\/\/www.feuerwehr-sievershausen.de\/wp-content\/uploads\/2021\/11\/Button-ABC-300x142.jpg 300w, https:\/\/www.feuerwehr-sievershausen.de\/wp-content\/uploads\/2021\/11\/Button-ABC-705x333.jpg 705w\" sizes=\"(max-width: 740px) 100vw, 740px\" \/><\/a><\/div><\/div><\/div><br \/>\n<section class=\"av_textblock_section \"  itemscope=\"itemscope\" itemtype=\"https:\/\/schema.org\/CreativeWork\" ><div class='avia_textblock  av_inherit_color '  style='color:#ffffff; '  itemprop=\"text\" ><div class=\"teaser-textbox\" style=\"background-color: #313232;\">\n<h4 style=\"text-align: center;\"><a href=\"https:\/\/www.feuerwehr-sievershausen.de\/?page_id=172\" target=\"_blank\" rel=\"noopener\">ABC-Zug<\/a><\/h4>\n<\/div>\n<\/div><\/section><\/p><\/div>\n<div class='flex_column av-exzek-e88ecbb6c2e24348c605259d666ba71d av_one_half  avia-builder-el-20  el_after_av_one_half  avia-builder-el-last  first flex_column_div column-top-margin'   ><p>\n<style type=\"text\/css\" data-created_by=\"avia_inline_auto\" id=\"style-css-av-8fqj8-e15536470e590b5bd3f132ca1215dcaf\">\n.avia-image-container.av-8fqj8-e15536470e590b5bd3f132ca1215dcaf .av-image-caption-overlay-center{\ncolor:#ffffff;\n}\n<\/style>\n<div  class='avia-image-container av-8fqj8-e15536470e590b5bd3f132ca1215dcaf av-styling-no-styling av-hover-grow av-hide-overflow avia-align-center  avia-builder-el-21  el_before_av_textblock  avia-builder-el-first  '  itemprop=\"image\" itemscope=\"itemscope\" itemtype=\"https:\/\/schema.org\/ImageObject\" ><div class=\"avia-image-container-inner\"><div class=\"avia-image-overlay-wrap\"><a href=\"https:\/\/www.feuerwehr-sievershausen.de\/?page_id=167\" class='avia_image' ><img width=\"740\" height=\"350\" class='wp-image-267 avia-img-lazy-loading-not-267 avia_image' src=\"https:\/\/www.feuerwehr-sievershausen.de\/wp-content\/uploads\/2021\/11\/Button-Wettkampf.jpg\" alt='' title='Button Wettkampf'  itemprop=\"thumbnailUrl\" srcset=\"https:\/\/www.feuerwehr-sievershausen.de\/wp-content\/uploads\/2021\/11\/Button-Wettkampf.jpg 740w, https:\/\/www.feuerwehr-sievershausen.de\/wp-content\/uploads\/2021\/11\/Button-Wettkampf-300x142.jpg 300w, https:\/\/www.feuerwehr-sievershausen.de\/wp-content\/uploads\/2021\/11\/Button-Wettkampf-705x333.jpg 705w\" sizes=\"(max-width: 740px) 100vw, 740px\" \/><\/a><\/div><\/div><\/div><br \/>\n<section class=\"av_textblock_section \"  itemscope=\"itemscope\" itemtype=\"https:\/\/schema.org\/CreativeWork\" ><div class='avia_textblock  av_inherit_color '  style='color:#ffffff; '  itemprop=\"text\" ><div class=\"teaser-textbox\" style=\"background-color: #313232;\">\n<h4 style=\"text-align: center;\"><a href=\"https:\/\/www.feuerwehr-sievershausen.de\/?page_id=167\" target=\"_blank\" rel=\"noopener\">Wettkampfgruppe<\/a><\/h4>\n<\/div>\n<\/div><\/section><\/p><\/div>\n","protected":false},"excerpt":{"rendered":"","protected":false},"author":1,"featured_media":0,"parent":0,"menu_order":0,"comment_status":"closed","ping_status":"closed","template":"","meta":[],"_links":{"self":[{"href":"https:\/\/www.feuerwehr-sievershausen.de\/index.php?rest_route=\/wp\/v2\/pages\/156"}],"collection":[{"href":"https:\/\/www.feuerwehr-sievershausen.de\/index.php?rest_route=\/wp\/v2\/pages"}],"about":[{"href":"https:\/\/www.feuerwehr-sievershausen.de\/index.php?rest_route=\/wp\/v2\/types\/page"}],"author":[{"embeddable":true,"href":"https:\/\/www.feuerwehr-sievershausen.de\/index.php?rest_route=\/wp\/v2\/users\/1"}],"replies":[{"embeddable":true,"href":"https:\/\/www.feuerwehr-sievershausen.de\/index.php?rest_route=%2Fwp%2Fv2%2Fcomments&post=156"}],"version-history":[{"count":18,"href":"https:\/\/www.feuerwehr-sievershausen.de\/index.php?rest_route=\/wp\/v2\/pages\/156\/revisions"}],"predecessor-version":[{"id":429,"href":"https:\/\/www.feuerwehr-sievershausen.de\/index.php?rest_route=\/wp\/v2\/pages\/156\/revisions\/429"}],"wp:attachment":[{"href":"https:\/\/www.feuerwehr-sievershausen.de\/index.php?rest_route=%2Fwp%2Fv2%2Fmedia&parent=156"}],"curies":[{"name":"wp","href":"https:\/\/api.w.org\/{rel}","templated":true}]}}